{"id":5,"date":"2024-10-18T12:07:35","date_gmt":"2024-10-18T15:07:35","guid":{"rendered":"http:\/\/formarchile.cl\/?page_id=5"},"modified":"2024-11-10T22:01:49","modified_gmt":"2024-11-11T01:01:49","slug":"portada","status":"publish","type":"page","link":"https:\/\/formarchile.cl\/?page_id=5","title":{"rendered":"Nosotros"},"content":{"rendered":"<p><script><br \/>\n  (function(i,s,o,g,r,a,m){i['GoogleAnalyticsObject']=r;i[r]=i[r]||function(){<br \/>\n  (i[r].q=i[r].q||[]).push(arguments)},i[r].l=1*new Date();a=s.createElement(o),<br \/>\n  m=s.getElementsByTagName(o)[0];a.async=1;a.src=g;m.parentNode.insertBefore(a,m)<br \/>\n  })(window,document,'script','\/\/www.google-analytics.com\/analytics.js','ga');<\/p>\n<p>  ga('create', 'UA-61668101-1', 'auto');<br \/>\n  ga('send', 'pageview');<\/p>\n<p><\/script><\/p>\n\n\n<p><strong>HISTORIA<\/strong><\/p>\n\n\n\n<p>Formar Chile Capacitaci\u00f3n Ltda. nace con el prop\u00f3sito de convertirse en un referente en la capacitaci\u00f3n y desarrollo del recurso humano en Chile. Desde sus inicios, la empresa se ha dedicado a brindar soluciones efectivas en formaci\u00f3n, asesor\u00eda y desarrollo profesional, dirigidas tanto a empresas privadas como a instituciones p\u00fablicas. El enfoque de esta organizaci\u00f3n se centra en la mejora continua y en la b\u00fasqueda constante de la excelencia en los servicios que ofrece.<\/p>\n\n\n\n<p>La filosof\u00eda de Formar Chile se basa en el compromiso de satisfacer las necesidades de sus clientes mediante un proceso riguroso de dise\u00f1o, ejecuci\u00f3n, evaluaci\u00f3n y supervisi\u00f3n de cursos de capacitaci\u00f3n. Cada programa es creado considerando las particularidades del entorno laboral y las competencias requeridas para el \u00e9xito de los participantes. Nuestros profesionales, con vasta experiencia en distintas \u00e1reas, se involucran en cada proyecto, garantizando as\u00ed una atenci\u00f3n personalizada y alineada con los objetivos estrat\u00e9gicos de las organizaciones.<\/p>\n\n\n\n<p><\/p>\n\n\n\n<p><strong>POL\u00cdTICA DE CALIDAD<\/strong><\/p>\n\n\n\n<p>La Pol\u00edtica de Calidad de Formar Chile Capacitaci\u00f3n Ltda. establece un est\u00e1ndar elevado en el servicio, poniendo \u00e9nfasis en la superaci\u00f3n de las expectativas de los clientes. Esto se logra a trav\u00e9s de un sistema de gesti\u00f3n que promueve la retroalimentaci\u00f3n constante y la implementaci\u00f3n de mejoras en todos los procesos. Cada curso y servicio ofrecido est\u00e1 sujeto a un exhaustivo seguimiento y evaluaci\u00f3n, asegurando resultados tangibles y sostenibles en el tiempo.<\/p>\n\n\n\n<p><\/p>\n\n\n\n<p><strong>PROGRAMA DE CURSOS ABIERTOS Y CERRADOS<\/strong><\/p>\n\n\n\n<p>El Programa de Cursos Abiertos y Cerrados de la empresa se adapta a los requerimientos espec\u00edficos de cada organizaci\u00f3n, garantizando que las metodolog\u00edas y objetivos de aprendizaje se alineen con las caracter\u00edsticas de los participantes. En Formar Chile no solo buscamos proporcionar capacitaci\u00f3n; aspiramos a formar equipos de trabajo altamente competentes y motivados que contribuyan al crecimiento y desarrollo de sus organizaciones.<\/p>\n\n\n\n<p><\/p>\n","protected":false},"excerpt":{"rendered":"<p>HISTORIA Formar Chile Capacitaci\u00f3n Ltda. nace con el prop\u00f3sito de convertirse en un referente en la capacitaci\u00f3n y desarrollo del recurso humano en Chile. Desde sus inicios, la empresa se ha dedicado a brindar soluciones efectivas en formaci\u00f3n, asesor\u00eda y desarrollo profesional, dirigidas tanto a empresas privadas como a instituciones p\u00fablicas. El enfoque de esta [&hellip;]<\/p>\n","protected":false},"author":2,"featured_media":0,"parent":0,"menu_order":0,"comment_status":"closed","ping_status":"closed","template":"","meta":{"_exactmetrics_skip_tracking":false,"_exactmetrics_sitenote_active":false,"_exactmetrics_sitenote_note":"","_exactmetrics_sitenote_category":0,"_monsterinsights_skip_tracking":false,"_monsterinsights_sitenote_active":false,"_monsterinsights_sitenote_note":"","_monsterinsights_sitenote_category":0,"footnotes":""},"class_list":["post-5","page","type-page","status-publish","hentry"],"aioseo_notices":[],"_links":{"self":[{"href":"https:\/\/formarchile.cl\/index.php?rest_route=\/wp\/v2\/pages\/5","targetHints":{"allow":["GET"]}}],"collection":[{"href":"https:\/\/formarchile.cl\/index.php?rest_route=\/wp\/v2\/pages"}],"about":[{"href":"https:\/\/formarchile.cl\/index.php?rest_route=\/wp\/v2\/types\/page"}],"author":[{"embeddable":true,"href":"https:\/\/formarchile.cl\/index.php?rest_route=\/wp\/v2\/users\/2"}],"replies":[{"embeddable":true,"href":"https:\/\/formarchile.cl\/index.php?rest_route=%2Fwp%2Fv2%2Fcomments&post=5"}],"version-history":[{"count":13,"href":"https:\/\/formarchile.cl\/index.php?rest_route=\/wp\/v2\/pages\/5\/revisions"}],"predecessor-version":[{"id":2160,"href":"https:\/\/formarchile.cl\/index.php?rest_route=\/wp\/v2\/pages\/5\/revisions\/2160"}],"wp:attachment":[{"href":"https:\/\/formarchile.cl\/index.php?rest_route=%2Fwp%2Fv2%2Fmedia&parent=5"}],"curies":[{"name":"wp","href":"https:\/\/api.w.org\/{rel}","templated":true}]}}